).
0
Let v(s) = -152*s - 184 + 2*s**3 + 302 + 97*s - 105*s**2. Give v(53).
12
Let w(j) = -539*j + 27. Let h be w(-1). Let d(b) = 0*b + b + 566 - h + 10*b. Calculate d(-2).
-22
Suppose z - 10 = -3*d, 8*z + 6 = 5*z. Suppose 4*w = 3*x - 17, -d*w - 3 = 17. Let a(j) = -11*j + 1. Determine a(x).
12
Let n(y) be the second derivative of -8*y**3/3 - 3*y**2/2 + 98*y - 1. Calculate n(-1).
13
Let h(c) = -c**2 - 32*c + 953. Let o be h(-51). Let n(p) = -p**2 - 17*p - 14. Give n(o).
2
Let h(q) = 231 - 4*q**2 - q + 2*q**2 - 63 - 26*q. Give h(-18).
6
Let v(f) = -f**3 + f**2 - 3*f - 1. Let b be v(3). Let s = b + 38. Let q(u) = 8 + s*u + 5*u + 7*u - 20*u. Calculate q(-8).
-8
Let u(y) = y**2 - 13*y + 37. Let x(l) = 133*l + 273. Let w be x(-2). Calculate u(w).
-5
Suppose 7*v + 90 = -57. Suppose 7 = -4*z + 2*k - 7*k, 11 = -2*z + 5*k. Let f be 96/14 + z/v. Let s(d) = -d**3 + 8*d**2 - 8*d + 8. Determine s(f).
1
Let k(i) be the second derivative of -i**5/20 - 5*i**4/2 - 29*i**3/6 + 15*i**2/2 + 6803*i. What is k(-29)?
15
Suppose -6*w + 25 = -5*w. Let h = w - 22. Let b(i) = 15*i + 3*i**h - 14*i - 2*i. What is b(-1)?
-2
Let q = 407 - 405. Let c(d) = 2*d**q + 28*d - 4 - 14*d + 0*d. Calculate c(-7).
-4
Suppose 2859*j - 2855*j = 12. Let o(x) = 4*x**2 - 3*x + x**2 - 3*x**2. What is o(j)?
9
Let w be (-72)/(-40)*(-270)/(-81). Let h(m) = m + 6. Let g(c) = -2*c - 18. Let i(a) = 3*g(a) + 8*h(a). Calculate i(w).
6
Let o(t) = 18*t + 3*t**2 - 38*t + 14*t - 2*t**2 - 2 + 11*t. Give o(5).
48
Let z(r) = -r**3 - 32*r**2 + 30*r - 99. Let d be z(-33). Let j(l) = l**2 + d*l**2 - 11*l + 15*l + 9. What is j(-6)?
21
Suppose 27 = z + 5*y, -4*z - z = 5*y - 35. Let h(u) = -2*u**2 - 4*u + 6*u**2 - 2 + 3 - 6*u**2 + u**z. Determine h(-2).
5
Let y(f) = 6*f**2 + 698439 + 12*f**2 - 698436. Calculate y(1).
21
Let w(i) be the third derivative of i**5/60 - i**4/6 - 67*i**3/6 - 3*i**2 + 223*i. Calculate w(9).
-22
Let q(r) be the third derivative of r**4/6 - 3*r**3 - 98*r**2 + 27*r - 2. Suppose 0*j - 2*j + 6 = 0. Give q(j).
-6
Let q(p) be the third derivative of -p**6/180 + p**5/24 - p**4/8 + 67*p**3/6 - 79*p**2. Let j(h) be the first derivative of q(h). Determine j(4).
-15
Let w(a) = -5 - 1 - 30060*a + 30061*a + 2 - 1. Determine w(3).
-2
Suppose 2*n = 0, -r + 24*n + 16 = 29*n. Let s(l) = l**2 - 15*l - 18. What is s(r)?
-2
Suppose 30 = 3*q - 1425*k + 1423*k, -5*k = -5*q + 60. Let r(l) = 2*l**2 - 11*l + 7. Give r(q).
13
Let h(r) = 12*r**3 + 84*r**2 + 25*r. Let t(c) = 13*c**3 + 70*c**2 + 21*c. Let l(s) = 5*h(s) - 6*t(s). What is l(1)?
-19
Suppose 21*y - 14 = 49. Suppose -7*w + 3*w + 8 = 0. Let k(g) = 3*g**3 - 1012 - 4*g**w + 1014 + 3*g - 2*g**3. Calculate k(y).
2
Let i(j) = 6*j**2 + j + 2. Let a(b) = b**3 + b**2 + b + 1. Suppose 8*g = 19*g + 11. Let d(l) = g*a(l) + i(l). Give d(5).
1
Suppose 7*k + 23 = 191. Let b = k + -14. Suppose -b + 0 = 2*x. Let h(y) = y + 7. Determine h(x).
2
Let p = 74 + -71. Suppose -2*y - 1 = -a, -8 - p = -3*y - a. Let l = y - -2. Let t(i) = 4*i - 3. What is t(l)?
13
Let p be -10*(0 - -7 - 6/(-12)*-15). Let n(l) = l**3 - 3*l**2 - 13*l + 6. Calculate n(p).
-9
Suppose -9 = -2*o - w, -o - 2*w = -0*o. Let x(t) = 2*t - 1. Let i(p) = -p**2 - 12*p - 1. Let m(a) = o*x(a) + i(a). Suppose 32*l = 36*l. What is m(l)?
-7
Let r(d) = 83*d**3 - d**2 + 5*d - 4. Suppose -178 + 142 = -36*f. Give r(f).
83
Let o be (-14)/119 + -3 + 242/34. Suppose 0 = -o*a - x, -4*a - 6*x + 11*x = 0. Let l(r) = -r + 24. Calculate l(a).
24
Let r(m) be the third derivative of -m**6/120 + 2*m**5/15 - 5*m**4/8 + 8*m**3/3 + m**2 - 5*m - 250. What is r(6)?
-2
Let r(o) = -147 - 32*o**2 - 35*o**2 - 11*o + 123 + 56*o**2 + o**3. What is r(12)?
-12
Let g(n) = -4*n**2 - n + 2. Suppose -3 = -4*t - r, 9*r + 19 = -3*t + 4*r. Let o be (4 - t)/(-29 + 28). Determine g(o).
-12
Let c be ((-4)/10)/(5/(-75)). Let u(m) = 2*m + 3. Let x(v) = 3*v + 2. Let z(j) = 2*j + 1. Let n(h) = -4*x(h) + 5*z(h). Let y(k) = -2*n(k) - 3*u(k). Give y(c).
-15
Let n(s) = s**3 - 4*s**2 + 3*s - 6. Let a be n(4). Let c(h) = 7*h - 8. Suppose -98 = -5*i - 73. Let y(x) = -2*x + 3. Let f(u) = i*y(u) + c(u). Calculate f(a).
-11
Let u(t) be the third derivative of t**6/60 - 11*t**5/20 + 7*t**4/12 + 23*t**3/6 - 2309*t**2. Calculate u(16).
-9
Let x be ((-22)/33)/(60/27 - 2). Let n be ((-48)/(-40))/(x/10). Let r(y) = -y**3 - 4*y**2 + 3*y + 3. Give r(n).
-9
Let u(w) be the first derivative of -w**4/12 + 4*w**3/3 - w**2/2 + 22*w - 43. Let m(v) be the first derivative of u(v). Calculate m(8).
-1
Suppose -5*o + 5*p = -3*o - 7, 2*p = -4*o - 22. Let c(u) be the first derivative of 1/2*u**2 + 5*u - 22. What is c(o)?
1
Suppose 3*p + 4 = -20. Let m(u) be the third derivative of u**5/60 + u**4/3 + 5*u**3/3 - 108051*u**2. Determine m(p).
10
Let j(g) = -g**2 + 13*g - 19. Suppose -2*y = -83*y + 972. What is j(y)?
-7
Let a(b) be the second derivative of b**3/6 + 31*b**2/2 - 1627*b. What is a(-7)?
24
Let v(y) = 6*y - 152. Let g be v(24). Let i be (3 - 36/8) + g/(-16). Let u(z) = -5*z**2 + 2*z**2 - z + z**2. What is u(i)?
-1
Suppose 4*t + t - 13 = s, t - 4 = 0. Suppose z - 5*g + 4 = 0, -3*z - 4*g + 19 = -s. Let w(n) = -2*n + z - 2 + 0 - 1. Give w(4).
-5
Suppose -f + 2 = w, -2*f + 3*w = -2*w + 3. Let o(j) = -j**2. Let b(c) = c**3 + 16*c**2 - c - 5. Let y(g) = f*b(g) + 4*o(g). Calculate y(-12).
7
Let q(l) = 11*l + 21. Suppose f = -4*f + 3*w + 13, 5*w = -4*f - 34. Calculate q(f).
10
Let j(b) = b**2 + 6*b - 1. Let c be j(-7). Let y(w) be the first derivative of -7/2*w**2 + 1/4*w**4 + 3*w - 5/3*w**3 + 12. Give y(c).
-3
Let t(p) = -17*p + 1. Let g(h) = 52*h - 2. Let o(f) = g(f) + 3*t(f). Determine o(-9).
-8
Let r(o) = 6*o + 5*o - o + 5 + o**2. Let z be (-516)/86 - 5/1. What is r(z)?
16
Let h(i) = -i**3 + 5*i**2 - 2*i + 3. Let v(u) = u**2 + 15*u + 14. Let j be v(-8). Let z be (-6)/24 + j/(-8). Give h(z).
-7
Let q(f) be the third derivative of f**5/60 - 3*f**3/2 + 121*f**2 + 8*f + 3. What is q(8)?
55
Let t(g) = g - 13. Suppose 16*d = 13*d - 8*d - 55. Calculate t(d).
-18
Let a(y) = -5*y - 8. Let r(h) = -4*h - 10. Let o(i) = 9*a(i) - 8*r(i). Determine o(-7).
99
Suppose 0 = -16*l - 32*l + 1536. Let t(b) = -30 + b - b**2 - b**3 + l + 2*b**2. Give t(-2).
12
Suppose 4*z = z. Suppose 147 = -36*x + 399. Let n(m) = z*m**3 + 13*m - m**3 - x*m + 7 + 5*m - 9*m**2. What is n(-10)?
-3
Let i(s) = s**3 - 16*s**2 + 3*s - 16. Let j(f) = 4*f**3 - 77*f**2 + 11*f - 65. Let h(d) = -9*i(d) + 2*j(d). Give h(-10).
64
Let s(j) = 12*j**2 + 3*j - 10. Let g(z) = -7*z**2 - 2*z + 5. Let n(t) = 5*g(t) + 3*s(t). Let l be (5 + 0 - 7)/(6/(-9)). What is n(l)?
1
Suppose -3*l - 5*w + 5 = 0, -27 = -3*l + 3*w - 30. Suppose l = -7*v - 58 + 93. Let z(u) = -4*u + 3. Calculate z(v).
-17
Let q be (623/(-756) - (-20)/270)/((-4)/16). Let o(i) = -20*i + 28. Calculate o(q).
-32
Let w be (-3)/((-2)/(-16)*18)*27/6. Let i(r) = 13*r + 72. Determine i(w).
-6
Suppose 2*j = 3*f + 38, 3*f - 6*j = -8*j - 34. Let s(b) = -2*b + 11 + 4*b - b. Calculate s(f).
-1
Let s(p) be the first derivative of p**6/360 - p**5/24 + 2*p**3/3 + 46*p**2 - 163. Let z(u) be the third derivative of s(u). Calculate z(6).
6
Let d be 35 + -35 - (0 - 6). Let n(v) = -61*v - 14 + v**2 + 0*v**2 + 119*v - 61*v. Calculate n(d).
4
Let r(v) = -v + 22. Let n be ((3 - 1) + 0)*8. Let w be r(n). Let l(a) = -w*a + 4*a + 2 + 3*a - 8. Calculate l(0).
-6
Let m(w) be the third derivative of w**5/60 - 3*w**4/8 + 7*w**3/6 + 632*w**2. What is m(12)?
43
Let r(b) = 47*b**2 - 67*b + 111. Let q(i) = -19*i**2 + 27*i - 45. Let m(k) = -42*q(k) - 17*r(k). Let g be 0*(-1 - -2) + 6. Calculate m(g).
-3
Let f = 10 + -6. Let y(u) = 7*u + u**2 + f - 10 + 5. Let s be -1 + (3 + 2)*-1. What is y(s)?
-7
Let x(g) be the second derivative of -g**4/12 + 7*g**3/2 - 65*g**2/2 - g - 162. Give x(16).
15
Let r be (-39)/(-4) - (-1)/4. Let k(q) = q**3 + 1168133174*q - 1168133171*q - 17*q**2 + 7*q**2 - 7. Determine k(r).
23
Let n(l) = -1 + l - 2*l + 2. Suppose 21*x = 19*x + 10. Suppose 3*h + 5*o = -25, -6*o = -x*o + 2. Determine n(h).
6
Let v = 103 + -136. Let z = v + 34. Let q(d) = -5*d**3 + d. What is q(z)?
-4
Suppose -8*j - 12 = -10*j. Suppose -2*d = 3*m - 16, 4*d - j = -d + m. Let x(p) = p**3 - p**2 + 2*p - 1. Calculate x(d).
7
Let m(y) = 9*y**3 + 14*y**2 + 12*y - 70. Let s(t) = -5*t**3 - 2*t**2 - 2*t - 1. Let i(z) = -m(z